ime factors of 19895.
5, 23, 173
List the prime factors of 419.
419
What are the prime factors of 1348?
2, 337
What are the prime factors of 986?
2, 17, 29
What are the prime factors of 41440?
2, 5, 7, 37
List the prime factors of 8590.
2, 5, 859
What are the prime factors of 5169?
3, 1723
List the prime factors of 3141.
3, 349
List the prime factors of 433.
433
List the prime factors of 8927.
79, 113
What are the prime factors of 964?
2, 241
What are the prime factors of 1686?
2, 3, 281
List the prime factors of 4106.
2, 2053
List the prime factors of 4467.
3, 1489
What are the prime factors of 1201?
1201
List the prime factors of 12005.
5, 7
What are the prime factors of 76913?
76913
What are the prime factors of 18000?
2, 3, 5
What are the prime factors of 24650?
2, 5, 17, 29
What are the prime factors of 16574?
2, 8287
List the prime factors of 214.
2, 107
List the prime factors of 3112.
2, 389
What are the prime factors of 872?
2, 109
List the prime factors of 57777.
3, 19259
List the prime factors of 1443.
3, 13, 37
What are the prime factors of 2072?
2, 7, 37
List the prime factors of 86544.
2, 3, 601
List the prime factors of 23012.
2, 11, 523
What are the prime factors of 22077?
3, 11, 223
List the prime factors of 32490.
2, 3, 5, 19
List the prime factors of 3322.
2, 11, 151
What are the prime factors of 9412?
2, 13, 181
What are the prime factors of 3125?
5
List the prime factors of 64912.
2, 4057
List the prime factors of 60996.
2, 3, 13, 17, 23
What are the prime factors of 4762?
2, 2381
List the prime factors of 31825.
5, 19, 67
What are the prime factors of 27177?
3, 9059
List the prime factors of 142.
2, 71
What are the prime factors of 28788?
2, 3, 2399
What are the prime factors of 18154?
2, 29, 313
List the prime factors of 1051.
1051
List the prime factors of 85153.
17, 5009
List the prime factors of 30129.
3, 11, 83
List the prime factors of 137.
137
What are the prime factors of 3193?
31, 103
What are the prime factors of 21923?
11, 1993
List the prime factors of 31844.
2, 19, 419
What are the prime factors of 761?
761
List the prime factors of 67369.
67369
List the prime factors of 2597.
7, 53
List the prime factors of 101.
101
What are the prime factors of 286?
2, 11, 13
List the prime factors of 1763.
41, 43
List the prime factors of 152039.
152039
List the prime factors of 770.
2, 5, 7, 11
What are the prime factors of 3317?
31, 107
List the prime factors of 1057.
7, 151
List the prime factors of 594.
2, 3, 11
What are the prime factors of 2142?
2, 3, 7, 17
What are the prime factors of 11633?
11633
What are the prime factors of 13688?
2, 29, 59
What are the prime factors of 148154?
2, 74077
List the prime factors of 810.
2, 3, 5
List the prime factors of 78744.
2, 3, 17, 193
List the prime factors of 1682.
2, 29
List the prime factors of 359.
359
What are the prime factors of 18461?
18461
List the prime factors of 6379.
6379
List the prime factors of 1162.
2, 7, 83
What are the prime factors of 18487?
7, 19, 139
List the prime factors of 1049.
1049
List the prime factors of 44630.
2, 5, 4463
List the prime factors of 46693.
53, 881
List the prime factors of 548.
2, 137
List the prime factors of 25211.
17, 1483
List the prime factors of 3603.
3, 1201
What are the prime factors of 103?
103
List the prime factors of 69542.
2, 11, 29, 109
List the prime factors of 17942.
2, 8971
List the prime factors of 11146.
2, 5573
What are the prime factors of 15069?
3, 5023
List the prime factors of 20481.
3, 6827
List the prime factors of 19601.
17, 1153
List the prime factors of 165977.
7, 131, 181
List the prime factors of 5622.
2, 3, 937
List the prime factors of 1143.
3, 127
What are the prime factors of 22052?
2, 37, 149
List the prime factors of 167.
167
What are the prime factors of 480?
2, 3, 5
What are the prime factors of 7205?
5, 11, 131
List the prime factors of 815.
5, 163
List the prime factors of 7036.
2, 1759
List the prime factors of 7737.
3, 2579
List the prime factors of 115.
5, 23
List the prime factors of 4010.
2, 5, 401
List the prime factors of 9804.
2, 3, 19, 43
What are the prime factors of 12653?
12653
List the prime factors of 81925.
5, 29, 113
What are the prime factors of 4687?
43, 109
What are the prime factors of 2297?
2297
What are the prime factors of 10412?
2, 19, 137
List the prime factors of 2229.
3, 743
What are the prime factors of 1428?
2, 3, 7, 17
List the prime factors of 111865.
5, 13, 1721
What are the prime factors of 15501?
3, 5167
List the prime factors of 1589.
7, 227
What are the prime factors of 7551?
3, 839
What are the prime factors of 1084?
2, 271
What are the prime factors of 942?
2, 3, 157
What are the prime factors of 1980?
2, 3, 5, 11
What are the prime factors of 89809?
89809
List the prime factors of 19175.
5, 13, 59
What are the prime factors of 488?
2, 61
List the prime factors of 17427.
3, 37, 157
List the prime factors of 645.
3, 5, 43
List the prime factors of 3648.
2, 3, 19
What are the prime factors of 123?
3, 41
What are the prime factors of 385?
5, 7, 11
What are the prime factors of 48?
2, 3
List the prime factors of 26209.
26209
List the prime factors of 2091.
3, 17, 41
List the prime factors of 1491.
3, 7, 71
What are the prime factors of 430?
2, 5, 43
List the prime factors of 44858.
2, 11, 2039
What are the prime factors of 9948?
2, 3, 829
What are the prime factors of 50763?
3, 16921
What are the prime factors of 59153?
149, 397
List the prime factors of 2327.
13, 179
What are the prime factors of 3880?
2, 5, 97
List the prime factors of 10180.
2, 5, 509
What are the prime factors of 26392?
2, 3299
What are the prime factors of 106?
2, 53
List the prime factors of 6629.
7, 947
What are the prime factors of 3046?
2, 1523
What are the prime factors of 19836?
2, 3, 19, 29
What are the prime factors of 80764?
2, 61, 331
List the prime factors of 10241.
7, 11, 19
List the prime factors of 68405.
5, 13681
List the prime factors of 140945.
5, 7, 4027
What are the prime factors of 2557?
2557
What are the prime factors of 7112?
2, 7, 127
What are the prime factors of 136?
2, 17
List the prime factors of 1908.
2, 3, 53
What are the prime factors of 5229?
3, 7, 83
What are the prime factors of 97441?
97441
List the prime factors of 1816.
2, 227
List the prime factors of 1065.
3, 5, 71
What are the prime factors of 4329?
3, 13, 37
List the prime factors of 65468.
2, 13, 1259
List the prime factors of 185174.
2, 11, 19, 443
List the prime factors of 386.
2, 193
List the prime factors of 73670.
2, 5, 53, 139
List the prime factors of 8020.
2, 5, 401
What are the prime factors of 25819?
25819
What are the prime factors of 52028?
2, 13007
What are the prime factors of 5747?
7, 821
List the prime factors of 28110.
2, 3, 5, 937
List the prime factors of 534.
2, 3, 89
What are the prime factors of 3583?
3583
What are the prime factors of 14033?
14033
What are the prime factors of 3086?
2, 1543
List the prime factors of 1326.
2, 3, 13, 17
List the prime factors of 38588.
2, 11, 877
What are the prime factors of 6235?
5, 29, 43
List the prime factors of 30852.
2, 3, 857
List the prime factors of 390.
2, 3, 5, 13
List the prime factors of 4077.
3, 151
List the prime factors of 2537.
43, 59
What are the prime factors of 27294?
2, 3, 4549
List the prime factors of 32071.
13, 2467
List the prime factors of 25530.
2, 3, 5, 23, 37
List the prime factors of 840.
2, 3, 5, 7
List the prime factors of 3671.
3671
List the prime factors of 5163.
3, 1721
List the prime factors of 11308.
2, 11, 257
List the prime factors of 45697.
45697
What are the prime factors of 7405?
5, 1481
What are the prime factors of 600?
2, 3, 5
What are the prime factors of 59143?
7, 17, 71
List the prime factors of 783.
3, 29
List the prime factors of 36113.
7, 11, 67
List the prime factors of 15842.
2, 89
What are the prime factors of 33912?
2, 3, 157
What are the prime factors of 7626?
2, 3, 31, 41
List the prime factors of 3538.
2, 29, 61
What are the prime factors of 6777?
3, 251
List the prime factors of 31941.
3, 7, 13
What are the prime factors of 48196?
2, 12049
What are the prime factors of 8888?
2, 11, 101
What are the prime factors of 12402?
2, 3, 13, 53
List the prime factors of 23965.
5, 4793
What